git of 76459734?
7
What is the units digit of 1089276868?
8
What is the tens digit of 675129875?
7
What is the tens digit of 243421939?
3
What is the units digit of 51279014?
4
What is the hundred millions digit of 2364461025?
3
What is the hundred millions digit of 700988173?
7
What is the hundreds digit of 99245890?
8
What is the ten thousands digit of 4871868201?
6
What is the millions digit of 130863811?
0
What is the hundreds digit of 855016329?
3
What is the hundred thousands digit of 46724282?
7
What is the ten millions digit of 187126126?
8
What is the tens digit of 300317540?
4
What is the ten millions digit of 81133111?
8
What is the hundreds digit of 8222194114?
1
What is the hundreds digit of 394130695?
6
What is the hundreds digit of 630151015?
0
What is the hundred thousands digit of 147189304?
1
What is the ten millions digit of 3247155202?
4
What is the tens digit of 660243303?
0
What is the units digit of 15392550?
0
What is the units digit of 6122198539?
9
What is the units digit of 194458570?
0
What is the ten millions digit of 42981689?
4
What is the ten thousands digit of 2780883355?
8
What is the thousands digit of 62985700?
5
What is the ten thousands digit of 4548576886?
7
What is the millions digit of 291112834?
1
What is the thousands digit of 116048452?
8
What is the millions digit of 118713781?
8
What is the thousands digit of 240709130?
9
What is the ten millions digit of 522187785?
2
What is the ten millions digit of 53549118?
5
What is the billions digit of 1848217068?
1
What is the units digit of 84238018?
8
What is the units digit of 267410989?
9
What is the ten millions digit of 224549556?
2
What is the hundred thousands digit of 7087588574?
5
What is the ten millions digit of 4873496870?
7
What is the units digit of 248233471?
1
What is the units digit of 11924055?
5
What is the billions digit of 2992205749?
2
What is the millions digit of 1899307?
1
What is the hundred millions digit of 129713080?
1
What is the units digit of 112058920?
0
What is the ten thousands digit of 2785769251?
6
What is the units digit of 3133376341?
1
What is the units digit of 48668201?
1
What is the hundred thousands digit of 781287921?
2
What is the hundred thousands digit of 47229697?
2
What is the hundreds digit of 256212023?
0
What is the thousands digit of 310505359?
5
What is the ten millions digit of 465257656?
6
What is the billions digit of 3565999583?
3
What is the hundred millions digit of 167476113?
1
What is the hundred millions digit of 2554011789?
5
What is the ten thousands digit of 486234884?
3
What is the hundred thousands digit of 527247500?
2
What is the tens digit of 32622861?
6
What is the tens digit of 184443649?
4
What is the ten thousands digit of 2693113?
9
What is the hundred thousands digit of 1054544783?
5
What is the thousands digit of 45193848?
3
What is the millions digit of 204821742?
4
What is the hundreds digit of 658248722?
7
What is the hundred thousands digit of 241938810?
9
What is the hundred thousands digit of 4398057765?
0
What is the units digit of 209578740?
0
What is the hundred millions digit of 138380375?
1
What is the ten thousands digit of 55058038?
5
What is the millions digit of 1777784750?
7
What is the millions digit of 43972005?
3
What is the units digit of 74081315?
5
What is the thousands digit of 22159985?
9
What is the hundreds digit of 480033370?
3
What is the hundreds digit of 480548665?
6
What is the billions digit of 1518153726?
1
What is the tens digit of 3063319135?
3
What is the units digit of 874518328?
8
What is the thousands digit of 306795249?
5
What is the tens digit of 323866578?
7
What is the hundred millions digit of 714469209?
7
What is the hundred thousands digit of 4484581625?
5
What is the tens digit of 1676787623?
2
What is the tens digit of 37146946?
4
What is the units digit of 18469124?
4
What is the thousands digit of 28497027?
7
What is the millions digit of 30257954?
0
What is the ten thousands digit of 185377091?
7
What is the ten thousands digit of 14695023?
9
What is the ten millions digit of 42902103?
4
What is the units digit of 42630908?
8
What is the hundred thousands digit of 4163423?
1
What is the hundred millions digit of 609757736?
6
What is the tens digit of 277004819?
1
What is the ten millions digit of 1523833513?
2
What is the hundred thousands digit of 2041723905?
7
What is the units digit of 76291498?
8
What is the ten millions digit of 5280209240?
8
What is the millions digit of 616589095?
6
What is the units digit of 6221944?
4
What is the hundred thousands digit of 1090642694?
6
What is the thousands digit of 529021792?
1
What is the tens digit of 65528440?
4
What is the billions digit of 5812439790?
5
What is the hundred millions digit of 1212964027?
2
What is the units digit of 40887325?
5
What is the thousands digit of 2181412?
1
What is the hundred millions digit of 298591465?
2
What is the hundreds digit of 18352959?
9
What is the units digit of 73346304?
4
What is the ten millions digit of 91333126?
9
What is the millions digit of 22266949?
2
What is the billions digit of 1794524499?
1
What is the hundreds digit of 590243161?
1
What is the units digit of 48805898?
8
What is the hundred millions digit of 1684381838?
6
What is the units digit of 15751220?
0
What is the tens digit of 399553082?
8
What is the units digit of 309132116?
6
What is the thousands digit of 248497360?
7
What is the ten millions digit of 54375084?
5
What is the ten thousands digit of 96769921?
6
What is the units digit of 133867966?
6
What is the thousands digit of 63137036?
7
What is the tens digit of 383309432?
3
What is the hundred millions digit of 216454462?
2
What is the millions digit of 1842948950?
2
What is the hundreds digit of 838036574?
5
What is the units digit of 82344216?
6
What is the units digit of 63440510?
0
What is the tens digit of 439319327?
2
What is the units digit of 56169053?
3
What is the thousands digit of 543528427?
8
What is the ten thousands digit of 1582324595?
2
What is the hundred millions digit of 941450104?
9
What is the tens digit of 44377981?
8
What is the thousands digit of 79299978?
9
What is the millions digit of 61990818?
1
What is the ten millions digit of 6223823356?
2
What is the millions digit of 58639424?
8
What is the tens digit of 14596815?
1
What is the millions digit of 524480932?
4
What is the ten thousands digit of 2323191728?
9
What is the units digit of 2808513?
3
What is the units digit of 193187964?
4
What is the millions digit of 186462978?
6
What is the units digit of 140596144?
4
What is the hundred thousands digit of 97912475?
9
What is the ten millions digit of 381074157?
8
What is the hundred thousands digit of 2393984609?
9
What is the ten millions digit of 287335383?
8
What is the hundreds digit of 477787426?
4
What is the hundred millions digit of 1316906703?
3
What is the ten millions digit of 196053969?
9
What is the millions digit of 160209705?
0
What is the hundred thousands digit of 17588947?
5
What is the thousands digit of 4836282?
6
What is the ten millions digit of 3728871122?
2
What is the millions digit of 555312762?
5
What is the units digit of 54001554?
4
What is the tens digit of 69593544?
4
What is the hundred thousands digit of 53251594?
2
What is the hundred thousands digit of 66848293?
8
What is the hundreds digit of 310629770?
7
What is the ten millions digit of 228884157?
2
What is the units digit of 45104825?
5
What is the thousands digit of 2044775168?
5
What is the ten millions digit of 102286695?
0
What is the millions digit of 2707596394?
7
What is the hundred millions digit of 2660775844?
6
What is the thousands digit of 786741324?
1
What is the hundreds digit of 118978875?
8
What is the units digit of 6898107?
7
What is the ten thousands digit of 494573653?
7
What is the units digit of 10513951?
1
What is the ten millions digit of 3740373023?
4
What is the units digit of 297102278?
8
What is the hundred thousands digit of 962883798?
8
What is the hundreds digit of 83601429?
4
What is the ten thousands digit of 512958806?
5
What is the ten millions digit of 502964120?
0
What is the millions digit of 749576448?
9
What is the tens digit of 86141057?
5
What i